{"id":355,"date":"2022-09-20T08:15:51","date_gmt":"2022-09-20T06:15:51","guid":{"rendered":"https:\/\/www.entwicklung-sl.de\/?page_id=355"},"modified":"2023-11-19T16:53:28","modified_gmt":"2023-11-19T15:53:28","slug":"seminare","status":"publish","type":"page","link":"https:\/\/www.entwicklung-sl.de\/en\/seminare\/","title":{"rendered":"Seminare"},"content":{"rendered":"<p>[et_pb_section fb_built=&#8221;1&#8243; _builder_version=&#8221;4.16&#8243; background_color=&#8221;#ffeed5&#8243; custom_padding=&#8221;18px|||||&#8221; global_colors_info=&#8221;{}&#8221;][et_pb_row _builder_version=&#8221;4.16&#8243; background_size=&#8221;initial&#8221; background_position=&#8221;top_left&#8221; background_repeat=&#8221;repeat&#8221; custom_padding=&#8221;10px|||||&#8221; global_colors_info=&#8221;{}&#8221;][et_pb_column type=&#8221;4_4&#8243; _builder_version=&#8221;4.16&#8243; custom_padding=&#8221;|||&#8221; global_colors_info=&#8221;{}&#8221; custom_padding__hover=&#8221;|||&#8221;][et_pb_text _builder_version=&#8221;4.20.0&#8243; background_color=&#8221;rgba(0,0,0,0)&#8221; background_enable_image=&#8221;off&#8221; background_size=&#8221;initial&#8221; background_repeat=&#8221;repeat&#8221; custom_margin=&#8221;||1px|||&#8221; custom_padding=&#8221;||37px|||&#8221; global_colors_info=&#8221;{}&#8221;]<\/p>\n<h1 style=\"text-align: center;\">Seminare, Vortr\u00e4ge und Meditationen<\/h1>\n<p>&nbsp;<\/p>\n<h2>Bereiche Coaching, nat\u00fcrlich gesund Bauen, Meditationen:<\/h2>\n<p>&nbsp;<\/p>\n<h3>1) Seminar: Wie komme ich in meine Kraft?<\/h3>\n<p>Seminar mit Meditationen, \u00dcbungen, Ersp\u00fcren und Erfahren<br \/>In diesem Seminar vermittle ich wertvolles Wissen, wie Du in Deine Kraft und in eine positiven Schwingung kommst und auch auf Dauer bleiben kannst. Ich bringe Dir einfache aber wirkungsvolle \u00dcbungen und Meditationstechniken bei, mit denen Du Deine Ausrichtung, Stimmung und Einstellung Dir und der Welt gegen\u00fcber selbst beeinflussen kannst<br \/>Ort: M\u00fcnchen, N\u00e4he Ostbahnhof<br \/>Zeitpunkt: im Januar 2024 &#8211; genaueres Datum wird noch bekannt gegeben &#8211;\u00a0 von 10 Uhr bis ca. 16 Uhr<br \/>Genauer Termin wird im Dezember 2023 bekanntgegeben<\/p>\n<p>&nbsp;<\/p>\n<h3>2) Seminar: In die F\u00fclle und Reichtum kommen<\/h3>\n<p>Seminar mit Meditationen, \u00dcbungen, Ersp\u00fcren und Erfahren<\/p>\n<p>Ort: M\u00fcnchen, N\u00e4he Ostbahnhof<br \/>Zeitpunkt: im Februar 2024 &#8211; genaueres Datum wird noch bekannt gegeben &#8211;\u00a0 von 10 Uhr bis ca. 16 Uhr<br \/>Genauer Termin wird im Dezember 2023 bekanntgegeben<\/p>\n<p>&nbsp;<\/p>\n<h3>3) 2-W\u00f6chentliche Meditationen:<\/h3>\n<p>Donnerstags um 19:00 Uhr per Zoom bzw <br \/>Freitags um 17:30 in M\u00fcnchen, N\u00e4he Ostbahnhof<br \/>siehe Angabe bei den Terminen<br \/>Dauer: ca 1 Stunde<br \/>Keine Vorkenntnisse notwendig<br \/>Kosten: 18 Euro inkl. 19% MWSt\u00a0 <br \/>Bereiche: Angeboten werden Meditationen u.a. in Bereichen Intuition, Achtsamkeit, Resonanz, Wiederanbindung, Vertrauen, F\u00fclle etc.<\/p>\n<table style=\"height: 105px; width: 50.4484%; border-collapse: collapse;\">\n<tbody>\n<tr style=\"height: 24px;\">\n<td style=\"width: 33.3333%; height: 24px;\">Termine:<\/td>\n<td style=\"width: 33.3333%; height: 24px;\">Do 30.11.2023<\/td>\n<td style=\"width: 16.6666%; height: 24px;\">Zoom<\/td>\n<td style=\"width: 16.6666%;\">\u00a0<\/td>\n<\/tr>\n<tr style=\"height: 24px;\">\n<td style=\"width: 33.3333%; height: 24px;\">\u00a0<\/td>\n<td style=\"width: 33.3333%; height: 24px;\">Do 14.12.2023<\/td>\n<td style=\"width: 16.6666%; height: 24px;\">Zoom<\/td>\n<td style=\"width: 16.6666%;\">\u00a0<\/td>\n<\/tr>\n<tr style=\"height: 24px;\">\n<td style=\"width: 33.3333%; height: 24px;\">\u00a0<\/td>\n<td style=\"width: 33.3333%; height: 24px;\">Do 18.01.2024<\/td>\n<td style=\"width: 16.6666%; height: 24px;\">Zoom<\/td>\n<td style=\"width: 16.6666%;\">\u00a0<\/td>\n<\/tr>\n<\/tbody>\n<\/table>\n<p>Um verbindliche Voranmeldung per E-Mail wird gebeten bis jeweils\u00a0 Dienstag vor der Meditation: entwicklung-SL (AT) posteo.de<\/p>\n<p>&nbsp;<\/p>\n<p>&nbsp;<\/p>\n<p>&nbsp;<\/p>\n<p>&nbsp;<\/p>\n<p>&nbsp;<\/p>\n<p>&nbsp;<\/p>\n<p>&nbsp;<\/p>\n<p>&nbsp;<\/p>\n<p>&nbsp;<\/p>\n<p>&nbsp;<\/p>\n<p>&nbsp;<\/p>\n<p>[\/et_pb_text][\/et_pb_column][\/et_pb_row][\/et_pb_section]<\/p>\n","protected":false},"excerpt":{"rendered":"<p>Seminare, Vortr\u00e4ge und Meditationen &nbsp; Bereiche Coaching, nat\u00fcrlich gesund Bauen, Meditationen: &nbsp; 1) Seminar: Wie komme ich in meine Kraft? Seminar mit Meditationen, \u00dcbungen, Ersp\u00fcren und ErfahrenIn diesem Seminar vermittle ich wertvolles Wissen, wie Du in Deine Kraft und in eine positiven Schwingung kommst und auch auf Dauer bleiben kannst. Ich bringe Dir einfache aber [&hellip;]<\/p>\n","protected":false},"author":1,"featured_media":0,"parent":0,"menu_order":0,"comment_status":"closed","ping_status":"closed","template":"","meta":{"_et_pb_use_builder":"on","_et_pb_old_content":"","_et_gb_content_width":"","footnotes":""},"class_list":["post-355","page","type-page","status-publish","hentry"],"yoast_head":"<!-- This site is optimized with the Yoast SEO plugin v27.5 - https:\/\/yoast.com\/product\/yoast-seo-wordpress\/ -->\n<title>Seminare - Bewirke was - tue was<\/title>\n<meta name=\"robots\" content=\"index, follow, max-snippet:-1, max-image-preview:large, max-video-preview:-1\" \/>\n<link rel=\"canonical\" href=\"https:\/\/www.entwicklung-sl.de\/en\/seminare\/\" \/>\n<meta property=\"og:locale\" content=\"en_US\" \/>\n<meta property=\"og:type\" content=\"article\" \/>\n<meta property=\"og:title\" content=\"Seminare - Bewirke was - tue was\" \/>\n<meta property=\"og:description\" content=\"Seminare, Vortr\u00e4ge und Meditationen &nbsp; Bereiche Coaching, nat\u00fcrlich gesund Bauen, Meditationen: &nbsp; 1) Seminar: Wie komme ich in meine Kraft? Seminar mit Meditationen, \u00dcbungen, Ersp\u00fcren und ErfahrenIn diesem Seminar vermittle ich wertvolles Wissen, wie Du in Deine Kraft und in eine positiven Schwingung kommst und auch auf Dauer bleiben kannst. Ich bringe Dir einfache aber [&hellip;]\" \/>\n<meta property=\"og:url\" content=\"https:\/\/www.entwicklung-sl.de\/en\/seminare\/\" \/>\n<meta property=\"og:site_name\" content=\"Bewirke was - tue was\" \/>\n<meta property=\"article:modified_time\" content=\"2023-11-19T15:53:28+00:00\" \/>\n<meta name=\"twitter:card\" content=\"summary_large_image\" \/>\n<meta name=\"twitter:label1\" content=\"Est. reading time\" \/>\n\t<meta name=\"twitter:data1\" content=\"1 minute\" \/>\n<script type=\"application\/ld+json\" class=\"yoast-schema-graph\">{\"@context\":\"https:\\\/\\\/schema.org\",\"@graph\":[{\"@type\":\"WebPage\",\"@id\":\"https:\\\/\\\/www.entwicklung-sl.de\\\/seminare\\\/\",\"url\":\"https:\\\/\\\/www.entwicklung-sl.de\\\/seminare\\\/\",\"name\":\"Seminare - Bewirke was - tue was\",\"isPartOf\":{\"@id\":\"https:\\\/\\\/www.entwicklung-sl.de\\\/#website\"},\"datePublished\":\"2022-09-20T06:15:51+00:00\",\"dateModified\":\"2023-11-19T15:53:28+00:00\",\"breadcrumb\":{\"@id\":\"https:\\\/\\\/www.entwicklung-sl.de\\\/seminare\\\/#breadcrumb\"},\"inLanguage\":\"en-US\",\"potentialAction\":[{\"@type\":\"ReadAction\",\"target\":[\"https:\\\/\\\/www.entwicklung-sl.de\\\/seminare\\\/\"]}]},{\"@type\":\"BreadcrumbList\",\"@id\":\"https:\\\/\\\/www.entwicklung-sl.de\\\/seminare\\\/#breadcrumb\",\"itemListElement\":[{\"@type\":\"ListItem\",\"position\":1,\"name\":\"Startseite\",\"item\":\"https:\\\/\\\/www.entwicklung-sl.de\\\/\"},{\"@type\":\"ListItem\",\"position\":2,\"name\":\"Seminare\"}]},{\"@type\":\"WebSite\",\"@id\":\"https:\\\/\\\/www.entwicklung-sl.de\\\/#website\",\"url\":\"https:\\\/\\\/www.entwicklung-sl.de\\\/\",\"name\":\"Bewirke was - tue was\",\"description\":\"\",\"potentialAction\":[{\"@type\":\"SearchAction\",\"target\":{\"@type\":\"EntryPoint\",\"urlTemplate\":\"https:\\\/\\\/www.entwicklung-sl.de\\\/?s={search_term_string}\"},\"query-input\":{\"@type\":\"PropertyValueSpecification\",\"valueRequired\":true,\"valueName\":\"search_term_string\"}}],\"inLanguage\":\"en-US\"}]}<\/script>\n<!-- \/ Yoast SEO plugin. -->","yoast_head_json":{"title":"Seminare - Bewirke was - tue was","robots":{"index":"index","follow":"follow","max-snippet":"max-snippet:-1","max-image-preview":"max-image-preview:large","max-video-preview":"max-video-preview:-1"},"canonical":"https:\/\/www.entwicklung-sl.de\/en\/seminare\/","og_locale":"en_US","og_type":"article","og_title":"Seminare - Bewirke was - tue was","og_description":"Seminare, Vortr\u00e4ge und Meditationen &nbsp; Bereiche Coaching, nat\u00fcrlich gesund Bauen, Meditationen: &nbsp; 1) Seminar: Wie komme ich in meine Kraft? Seminar mit Meditationen, \u00dcbungen, Ersp\u00fcren und ErfahrenIn diesem Seminar vermittle ich wertvolles Wissen, wie Du in Deine Kraft und in eine positiven Schwingung kommst und auch auf Dauer bleiben kannst. Ich bringe Dir einfache aber [&hellip;]","og_url":"https:\/\/www.entwicklung-sl.de\/en\/seminare\/","og_site_name":"Bewirke was - tue was","article_modified_time":"2023-11-19T15:53:28+00:00","twitter_card":"summary_large_image","twitter_misc":{"Est. reading time":"1 minute"},"schema":{"@context":"https:\/\/schema.org","@graph":[{"@type":"WebPage","@id":"https:\/\/www.entwicklung-sl.de\/seminare\/","url":"https:\/\/www.entwicklung-sl.de\/seminare\/","name":"Seminare - Bewirke was - tue was","isPartOf":{"@id":"https:\/\/www.entwicklung-sl.de\/#website"},"datePublished":"2022-09-20T06:15:51+00:00","dateModified":"2023-11-19T15:53:28+00:00","breadcrumb":{"@id":"https:\/\/www.entwicklung-sl.de\/seminare\/#breadcrumb"},"inLanguage":"en-US","potentialAction":[{"@type":"ReadAction","target":["https:\/\/www.entwicklung-sl.de\/seminare\/"]}]},{"@type":"BreadcrumbList","@id":"https:\/\/www.entwicklung-sl.de\/seminare\/#breadcrumb","itemListElement":[{"@type":"ListItem","position":1,"name":"Startseite","item":"https:\/\/www.entwicklung-sl.de\/"},{"@type":"ListItem","position":2,"name":"Seminare"}]},{"@type":"WebSite","@id":"https:\/\/www.entwicklung-sl.de\/#website","url":"https:\/\/www.entwicklung-sl.de\/","name":"Bewirke was - tue was","description":"","potentialAction":[{"@type":"SearchAction","target":{"@type":"EntryPoint","urlTemplate":"https:\/\/www.entwicklung-sl.de\/?s={search_term_string}"},"query-input":{"@type":"PropertyValueSpecification","valueRequired":true,"valueName":"search_term_string"}}],"inLanguage":"en-US"}]}},"_links":{"self":[{"href":"https:\/\/www.entwicklung-sl.de\/en\/wp-json\/wp\/v2\/pages\/355","targetHints":{"allow":["GET"]}}],"collection":[{"href":"https:\/\/www.entwicklung-sl.de\/en\/wp-json\/wp\/v2\/pages"}],"about":[{"href":"https:\/\/www.entwicklung-sl.de\/en\/wp-json\/wp\/v2\/types\/page"}],"author":[{"embeddable":true,"href":"https:\/\/www.entwicklung-sl.de\/en\/wp-json\/wp\/v2\/users\/1"}],"replies":[{"embeddable":true,"href":"https:\/\/www.entwicklung-sl.de\/en\/wp-json\/wp\/v2\/comments?post=355"}],"version-history":[{"count":23,"href":"https:\/\/www.entwicklung-sl.de\/en\/wp-json\/wp\/v2\/pages\/355\/revisions"}],"predecessor-version":[{"id":928,"href":"https:\/\/www.entwicklung-sl.de\/en\/wp-json\/wp\/v2\/pages\/355\/revisions\/928"}],"wp:attachment":[{"href":"https:\/\/www.entwicklung-sl.de\/en\/wp-json\/wp\/v2\/media?parent=355"}],"curies":[{"name":"wp","href":"https:\/\/api.w.org\/{rel}","templated":true}]}}

<p>[et_pb_section fb_built=&#8221;1&#8243; _builder_version=&#8221;4.16&#8243; background_color=&#8221;#ffeed5&#8243; custom_padding=&#8221;18px|||||&#8221; global_colors_info=&#8221;{}&#8221;][et_pb_row _builder_version=&#8221;4.16&#8243; background_size=&#8221;initial&#8221; background_position=&#8221;top_left&#8221; background_repeat=&#8221;repeat&#8221; custom_padding=&#8221;10px|||||&#8221; global_colors_info=&#8221;{}&#8221;][et_pb_column type=&#8221;4_4&#8243; _builder_version=&#8221;4.16&#8243; custom_padding=&#8221;|||&#8221; global_colors_info=&#8221;{}&#8221; custom_padding__hover=&#8221;|||&#8221;][et_pb_text _builder_version=&#8221;4.20.0&#8243; background_color=&#8221;rgba(0,0,0,0)&#8221; background_enable_image=&#8221;off&#8221; background_size=&#8221;initial&#8221; background_repeat=&#8221;repeat&#8221; custom_margin=&#8221;||1px|||&#8221; custom_padding=&#8221;||37px|||&#8221; global_colors_info=&#8221;{}&#8221;]</p>
<h1 style="text-align: center;">Seminare, Vorträge und Meditationen</h1>
<p>&nbsp;</p>
<h2>Bereiche Coaching, natürlich gesund Bauen, Meditationen:</h2>
<p>&nbsp;</p>
<h3>1) Seminar: Wie komme ich in meine Kraft?</h3>
<p>Seminar mit Meditationen, Übungen, Erspüren und Erfahren<br />In diesem Seminar vermittle ich wertvolles Wissen, wie Du in Deine Kraft und in eine positiven Schwingung kommst und auch auf Dauer bleiben kannst. Ich bringe Dir einfache aber wirkungsvolle Übungen und Meditationstechniken bei, mit denen Du Deine Ausrichtung, Stimmung und Einstellung Dir und der Welt gegenüber selbst beeinflussen kannst<br />Ort: München, Nähe Ostbahnhof<br />Zeitpunkt: im Januar 2024 &#8211; genaueres Datum wird noch bekannt gegeben &#8211;  von 10 Uhr bis ca. 16 Uhr<br />Genauer Termin wird im Dezember 2023 bekanntgegeben</p>
<p>&nbsp;</p>
<h3>2) Seminar: In die Fülle und Reichtum kommen</h3>
<p>Seminar mit Meditationen, Übungen, Erspüren und Erfahren</p>
<p>Ort: München, Nähe Ostbahnhof<br />Zeitpunkt: im Februar 2024 &#8211; genaueres Datum wird noch bekannt gegeben &#8211;  von 10 Uhr bis ca. 16 Uhr<br />Genauer Termin wird im Dezember 2023 bekanntgegeben</p>
<p>&nbsp;</p>
<h3>3) 2-Wöchentliche Meditationen:</h3>
<p>Donnerstags um 19:00 Uhr per Zoom bzw <br />Freitags um 17:30 in München, Nähe Ostbahnhof<br />siehe Angabe bei den Terminen<br />Dauer: ca 1 Stunde<br />Keine Vorkenntnisse notwendig<br />Kosten: 18 Euro inkl. 19% MWSt  <br />Bereiche: Angeboten werden Meditationen u.a. in Bereichen Intuition, Achtsamkeit, Resonanz, Wiederanbindung, Vertrauen, Fülle etc.</p>
<table style="height: 105px; width: 50.4484%; border-collapse: collapse;">
<tbody>
<tr style="height: 24px;">
<td style="width: 33.3333%; height: 24px;">Termine:</td>
<td style="width: 33.3333%; height: 24px;">Do 30.11.2023</td>
<td style="width: 16.6666%; height: 24px;">Zoom</td>
<td style="width: 16.6666%;"> </td>
</tr>
<tr style="height: 24px;">
<td style="width: 33.3333%; height: 24px;"> </td>
<td style="width: 33.3333%; height: 24px;">Do 14.12.2023</td>
<td style="width: 16.6666%; height: 24px;">Zoom</td>
<td style="width: 16.6666%;"> </td>
</tr>
<tr style="height: 24px;">
<td style="width: 33.3333%; height: 24px;"> </td>
<td style="width: 33.3333%; height: 24px;">Do 18.01.2024</td>
<td style="width: 16.6666%; height: 24px;">Zoom</td>
<td style="width: 16.6666%;"> </td>
</tr>
</tbody>
</table>
<p>Um verbindliche Voranmeldung per E-Mail wird gebeten bis jeweils  Dienstag vor der Meditation: entwicklung-SL (AT) posteo.de</p>
<p>&nbsp;</p>
<p>&nbsp;</p>
<p>&nbsp;</p>
<p>&nbsp;</p>
<p>&nbsp;</p>
<p>&nbsp;</p>
<p>&nbsp;</p>
<p>&nbsp;</p>
<p>&nbsp;</p>
<p>&nbsp;</p>
<p>&nbsp;</p>
<p>[/et_pb_text][/et_pb_column][/et_pb_row][/et_pb_section]</p>

<p>Seminare, Vorträge und Meditationen &nbsp; Bereiche Coaching, natürlich gesund Bauen, Meditationen: &nbsp; 1) Seminar: Wie komme ich in meine Kraft? Seminar mit Meditationen, Übungen, Erspüren und ErfahrenIn diesem Seminar vermittle ich wertvolles Wissen, wie Du in Deine Kraft und in eine positiven Schwingung kommst und auch auf Dauer bleiben kannst. Ich bringe Dir einfache aber [&hellip;]</p>

<!-- This site is optimized with the Yoast SEO plugin v27.5 - https://yoast.com/product/yoast-seo-wordpress/ -->
<title>Seminare - Bewirke was - tue was</title>
<meta name="robots" content="index, follow, max-snippet:-1, max-image-preview:large, max-video-preview:-1" />
<link rel="canonical" href="https://www.entwicklung-sl.de/en/seminare/" />
<meta property="og:locale" content="en_US" />
<meta property="og:type" content="article" />
<meta property="og:title" content="Seminare - Bewirke was - tue was" />
<meta property="og:description" content="Seminare, Vorträge und Meditationen &nbsp; Bereiche Coaching, natürlich gesund Bauen, Meditationen: &nbsp; 1) Seminar: Wie komme ich in meine Kraft? Seminar mit Meditationen, Übungen, Erspüren und ErfahrenIn diesem Seminar vermittle ich wertvolles Wissen, wie Du in Deine Kraft und in eine positiven Schwingung kommst und auch auf Dauer bleiben kannst. Ich bringe Dir einfache aber [&hellip;]" />
<meta property="og:url" content="https://www.entwicklung-sl.de/en/seminare/" />
<meta property="og:site_name" content="Bewirke was - tue was" />
<meta property="article:modified_time" content="2023-11-19T15:53:28+00:00" />
<meta name="twitter:card" content="summary_large_image" />
<meta name="twitter:label1" content="Est. reading time" />
	<meta name="twitter:data1" content="1 minute" />
<script type="application/ld+json" class="yoast-schema-graph">{"@context":"https:\/\/schema.org","@graph":[{"@type":"WebPage","@id":"https:\/\/www.entwicklung-sl.de\/seminare\/","url":"https:\/\/www.entwicklung-sl.de\/seminare\/","name":"Seminare - Bewirke was - tue was","isPartOf":{"@id":"https:\/\/www.entwicklung-sl.de\/#website"},"datePublished":"2022-09-20T06:15:51+00:00","dateModified":"2023-11-19T15:53:28+00:00","breadcrumb":{"@id":"https:\/\/www.entwicklung-sl.de\/seminare\/#breadcrumb"},"inLanguage":"en-US","potentialAction":[{"@type":"ReadAction","target":["https:\/\/www.entwicklung-sl.de\/seminare\/"]}]},{"@type":"BreadcrumbList","@id":"https:\/\/www.entwicklung-sl.de\/seminare\/#breadcrumb","itemListElement":[{"@type":"ListItem","position":1,"name":"Startseite","item":"https:\/\/www.entwicklung-sl.de\/"},{"@type":"ListItem","position":2,"name":"Seminare"}]},{"@type":"WebSite","@id":"https:\/\/www.entwicklung-sl.de\/#website","url":"https:\/\/www.entwicklung-sl.de\/","name":"Bewirke was - tue was","description":"","potentialAction":[{"@type":"SearchAction","target":{"@type":"EntryPoint","urlTemplate":"https:\/\/www.entwicklung-sl.de\/?s={search_term_string}"},"query-input":{"@type":"PropertyValueSpecification","valueRequired":true,"valueName":"search_term_string"}}],"inLanguage":"en-US"}]}</script>
<!-- / Yoast SEO plugin. -->

Seminare, Vorträge und Meditationen &nbsp; Bereiche Coaching, natürlich gesund Bauen, Meditationen: &nbsp; 1) Seminar: Wie komme ich in meine Kraft? Seminar mit Meditationen, Übungen, Erspüren und ErfahrenIn diesem Seminar vermittle ich wertvolles Wissen, wie Du in Deine Kraft und in eine positiven Schwingung kommst und auch auf Dauer bleiben kannst. Ich bringe Dir einfache aber [&hellip;]
