{"id":38,"date":"2021-04-29T07:33:21","date_gmt":"2021-04-29T05:33:21","guid":{"rendered":"https:\/\/www.entwicklung-sl.de\/?page_id=38"},"modified":"2022-11-28T11:15:47","modified_gmt":"2022-11-28T10:15:47","slug":"ueber-mich","status":"publish","type":"page","link":"https:\/\/www.entwicklung-sl.de\/en\/ueber-mich\/","title":{"rendered":"\u00fcber mich"},"content":{"rendered":"<p>[et_pb_section fb_built=&#8221;1&#8243; _builder_version=&#8221;4.16&#8243; background_color=&#8221;#ffeed5&#8243; global_colors_info=&#8221;{}&#8221;][et_pb_row _builder_version=&#8221;4.16&#8243; background_size=&#8221;initial&#8221; background_position=&#8221;top_left&#8221; background_repeat=&#8221;repeat&#8221; global_colors_info=&#8221;{}&#8221;][et_pb_column type=&#8221;4_4&#8243; _builder_version=&#8221;4.16&#8243; custom_padding=&#8221;|||&#8221; global_colors_info=&#8221;{}&#8221; custom_padding__hover=&#8221;|||&#8221;][et_pb_image src=&#8221;http:\/\/www.entwicklung-sl.de\/wp-content\/uploads\/2022\/09\/Sandra-19_web.jpg&#8221; title_text=&#8221;Sandra 19_web&#8221; _builder_version=&#8221;4.18.0&#8243; _module_preset=&#8221;default&#8221; width=&#8221;300px&#8221; max_width=&#8221;100%&#8221; hover_enabled=&#8221;0&#8243; border_radii=&#8221;on|10px|10px|10px|10px&#8221; box_shadow_style=&#8221;preset1&#8243; global_colors_info=&#8221;{}&#8221; sticky_enabled=&#8221;0&#8243;][\/et_pb_image][et_pb_text _builder_version=&#8221;4.19.0&#8243; background_color=&#8221;rgba(0,0,0,0)&#8221; background_enable_image=&#8221;off&#8221; background_size=&#8221;initial&#8221; background_repeat=&#8221;repeat&#8221; custom_margin=&#8221;||1px|||&#8221; custom_padding=&#8221;||||false|false&#8221; hover_enabled=&#8221;0&#8243; global_colors_info=&#8221;{}&#8221; sticky_enabled=&#8221;0&#8243;]<\/p>\n<p style=\"text-align: left;\"><strong>\u00dcber mich<\/strong><\/p>\n<p style=\"text-align: left;\"><span style=\"font-size: 14px;\">Servus, ich bin Sandra aus M\u00fcnchen mit Wohlf\u00fchlwohnsitz in M\u00fcnchen, Nizza und Vila da Marmeleira.<\/span><\/p>\n<p>Genauso wie ich mehrere Wohlf\u00fchlwohnsitze habe, so habe ich auch mehrere Berufe und Berufungen, die einzeln gelebt und miteinander kombiniert gelebt werden m\u00f6chten:<\/p>\n<p>Ich bin Coach in den Bereichen Systemik, Resonanz und Achtsamkeit, Fotografin, Bauingenieurin und\u00a0 Projektmanagerin. All diese Berufe sind wichtig f\u00fcr mich, n\u00e4hren und erf\u00fcllen mich auf unterschiedlichen Ebenen.<\/p>\n<p>-&gt; Mein inneres Kind will spielerisch entdecken.<br \/>-&gt; Meine innere K\u00fcnstlerin will sich entfalten ausdr\u00fccken und ausprobieren.<br \/>-&gt; Mein technischer Verstand will gelebt werden.<br \/>-&gt; Die Bauingenieurin in mir will physisch erschaffen und H\u00e4user bauen, mit verschiedenen Baumaterialien experimentieren.<br \/>-&gt; Die internationale Projektmanagerin will organisieren, mit Menschen unterschiedlichster Herkunft, Alters und Geschlecht eine Verbindung auf Augenh\u00f6he und aus dem Herzen heraus herstellen, leiten und erschaffen.<br \/>-&gt; Meine naturverbundene Seite vereint all diese Berufungen auf ihre ganz eigene Art.<br \/>-&gt; Meine Spiritualit\u00e4t verschafft mir Einblicke in andere Ebenen und Sph\u00e4ren und verbindet mich tief mit mir selbst.<\/p>\n<p>Das Leben mit neuen Augen zu sehen, bringt mir Spa\u00df, Leichtigkeit und zeigt mir die positiven und negativen Seiten und woran ich arbeiten darf. Nicht alles so bierernst zu nehmen und lauthals zu lachen, das bin ich auch.<\/p>\n<p>Mein Herzensziel ist es ein Bewusstsein zu schaffen, dass alles miteinander verbunden ist, sich gegenseitig bedingt, und dass jeder von uns unendlich viele M\u00f6glichkeiten hat, sich und die Welt positiv zu ver\u00e4ndern. Ver\u00e4ndert man sich selbst, so ver\u00e4ndert sich das System und das Umfeld.<\/p>\n<p>Vor Jahren habe erstaunt erkannt, dass ich den Mut habe aus der Sicherheit zu treten um neue Wege zu gehen und beschloss meinen eigenen Weg zu gehen &#8211; in viel mehr Eigenverantwortung. Ich habe mich auf den Weg gemacht und entdecke meine Potentiale, Talente und Spiritualit\u00e4t und kombiniere sie mit meinem Wissen und Erfahrung, damit ich mein wahres Ich leben kann.<\/p>\n<p>Damals hatte ich den sicheren Job gek\u00fcndigt, bin viel gereist, habe mich weitergebildet und mich selbstst\u00e4ndig gemacht. Erstaunlich war f\u00fcr mich zu sehen, wie viel Mut ich tats\u00e4chlich habe und wie neugierig ich auf Neues bin. Immer das Gleiche zu machen langweilt\u00a0 mich auf Dauer. Auf dem Weg habe ich erkannt, dass ich es mir zugestehe auch mal zu Scheitern und Fehler zu machen um daraus zu lernen. Je mehr ich erkannt habe alte Muster und Denkweisen zu hinterfragen und zu ver\u00e4ndern, desto mehr Neues konnte entstehen.<\/p>\n<p>Im Coaching stelle ich einen gesch\u00fctzten Raum zur Verf\u00fcgung und begleite den Menschen ein St\u00fcck weit auf seinem Weg und in seinem Ver\u00e4nderungsprozess. Ver\u00e4nderung ansto\u00dfen durch die ge\u00e4nderte Perspektive.<\/p>\n<p>Als Fotografin nehme ich den Betrachter mit auf eine kleine visuelle Reise: Eine Reise in lichtvolle Augenblicke, ans Wasser, in eine hinrei\u00dfende Landschaft oder in die Stadt, wo sie mit anderen Augen und dem Herzen sehen. Ich ermuntere den Betrachter seinen Blickwinkel zu ver\u00e4ndern, ein Detail zu betrachten oder einen Perspektivenwechsel vorzunehmen. \u00c4hnlich wie auch im Coaching.<\/p>\n<p>In der Fotografie schwappt die Energie des Ortes und damit des Bildes auf mich \u00fcber und ich kann mich im positiven Sinne im Bild verlieren.<\/p>\n<p>Als Bauingenieurin brenne ich f\u00fcr Naturmaterialien und daf\u00fcr, Wohlf\u00fchlorte zu erschaffen und zu verwirklichen. Liebens- und lebenswerte Orte zu schaffen, die viel zu bieten haben f\u00fcr Menschen, Tiere, Natur und Pflanzen, das ist mein Ziel. Ein Daheim zu kreieren, in dem man sich gerne aufh\u00e4lt, sich herzlich willkommen f\u00fchlt und das gesunde Wohlf\u00fchlklima genie\u00dfen kann, das ist mein Ziel.<\/p>\n<p>Ich habe mich auf den Weg gemacht: Schritt f\u00fcr Schritt, in meiner eigenen Geschwindigkeit.<\/p>\n<p>Herzlichst<\/p>\n<p>Sandra<strong><\/strong><\/p>\n<p>[\/et_pb_text][\/et_pb_column][\/et_pb_row][\/et_pb_section]<\/p>\n","protected":false},"excerpt":{"rendered":"<p>\u00dcber mich Servus, ich bin Sandra aus M\u00fcnchen mit Wohlf\u00fchlwohnsitz in M\u00fcnchen, Nizza und Vila da Marmeleira. Genauso wie ich mehrere Wohlf\u00fchlwohnsitze habe, so habe ich auch mehrere Berufe und Berufungen, die einzeln gelebt und miteinander kombiniert gelebt werden m\u00f6chten: Ich bin Coach in den Bereichen Systemik, Resonanz und Achtsamkeit, Fotografin, Bauingenieurin und\u00a0 Projektmanagerin. All [&hellip;]<\/p>\n","protected":false},"author":1,"featured_media":0,"parent":0,"menu_order":0,"comment_status":"closed","ping_status":"closed","template":"","meta":{"_et_pb_use_builder":"on","_et_pb_old_content":"Inhalt folgt...","_et_gb_content_width":"","footnotes":""},"class_list":["post-38","page","type-page","status-publish","hentry"],"yoast_head":"<!-- This site is optimized with the Yoast SEO plugin v27.5 - https:\/\/yoast.com\/product\/yoast-seo-wordpress\/ -->\n<title>\u00fcber mich - Bewirke was - tue was<\/title>\n<meta name=\"robots\" content=\"index, follow, max-snippet:-1, max-image-preview:large, max-video-preview:-1\" \/>\n<link rel=\"canonical\" href=\"https:\/\/www.entwicklung-sl.de\/en\/ueber-mich\/\" \/>\n<meta property=\"og:locale\" content=\"en_US\" \/>\n<meta property=\"og:type\" content=\"article\" \/>\n<meta property=\"og:title\" content=\"\u00fcber mich - Bewirke was - tue was\" \/>\n<meta property=\"og:description\" content=\"\u00dcber mich Servus, ich bin Sandra aus M\u00fcnchen mit Wohlf\u00fchlwohnsitz in M\u00fcnchen, Nizza und Vila da Marmeleira. Genauso wie ich mehrere Wohlf\u00fchlwohnsitze habe, so habe ich auch mehrere Berufe und Berufungen, die einzeln gelebt und miteinander kombiniert gelebt werden m\u00f6chten: Ich bin Coach in den Bereichen Systemik, Resonanz und Achtsamkeit, Fotografin, Bauingenieurin und\u00a0 Projektmanagerin. All [&hellip;]\" \/>\n<meta property=\"og:url\" content=\"https:\/\/www.entwicklung-sl.de\/en\/ueber-mich\/\" \/>\n<meta property=\"og:site_name\" content=\"Bewirke was - tue was\" \/>\n<meta property=\"article:modified_time\" content=\"2022-11-28T10:15:47+00:00\" \/>\n<meta name=\"twitter:card\" content=\"summary_large_image\" \/>\n<meta name=\"twitter:label1\" content=\"Est. reading time\" \/>\n\t<meta name=\"twitter:data1\" content=\"1 minute\" \/>\n<script type=\"application\/ld+json\" class=\"yoast-schema-graph\">{\"@context\":\"https:\\\/\\\/schema.org\",\"@graph\":[{\"@type\":\"WebPage\",\"@id\":\"https:\\\/\\\/www.entwicklung-sl.de\\\/ueber-mich\\\/\",\"url\":\"https:\\\/\\\/www.entwicklung-sl.de\\\/ueber-mich\\\/\",\"name\":\"\u00fcber mich - Bewirke was - tue was\",\"isPartOf\":{\"@id\":\"https:\\\/\\\/www.entwicklung-sl.de\\\/#website\"},\"datePublished\":\"2021-04-29T05:33:21+00:00\",\"dateModified\":\"2022-11-28T10:15:47+00:00\",\"breadcrumb\":{\"@id\":\"https:\\\/\\\/www.entwicklung-sl.de\\\/ueber-mich\\\/#breadcrumb\"},\"inLanguage\":\"en-US\",\"potentialAction\":[{\"@type\":\"ReadAction\",\"target\":[\"https:\\\/\\\/www.entwicklung-sl.de\\\/ueber-mich\\\/\"]}]},{\"@type\":\"BreadcrumbList\",\"@id\":\"https:\\\/\\\/www.entwicklung-sl.de\\\/ueber-mich\\\/#breadcrumb\",\"itemListElement\":[{\"@type\":\"ListItem\",\"position\":1,\"name\":\"Startseite\",\"item\":\"https:\\\/\\\/www.entwicklung-sl.de\\\/\"},{\"@type\":\"ListItem\",\"position\":2,\"name\":\"\u00fcber mich\"}]},{\"@type\":\"WebSite\",\"@id\":\"https:\\\/\\\/www.entwicklung-sl.de\\\/#website\",\"url\":\"https:\\\/\\\/www.entwicklung-sl.de\\\/\",\"name\":\"Bewirke was - tue was\",\"description\":\"\",\"potentialAction\":[{\"@type\":\"SearchAction\",\"target\":{\"@type\":\"EntryPoint\",\"urlTemplate\":\"https:\\\/\\\/www.entwicklung-sl.de\\\/?s={search_term_string}\"},\"query-input\":{\"@type\":\"PropertyValueSpecification\",\"valueRequired\":true,\"valueName\":\"search_term_string\"}}],\"inLanguage\":\"en-US\"}]}<\/script>\n<!-- \/ Yoast SEO plugin. -->","yoast_head_json":{"title":"\u00fcber mich - Bewirke was - tue was","robots":{"index":"index","follow":"follow","max-snippet":"max-snippet:-1","max-image-preview":"max-image-preview:large","max-video-preview":"max-video-preview:-1"},"canonical":"https:\/\/www.entwicklung-sl.de\/en\/ueber-mich\/","og_locale":"en_US","og_type":"article","og_title":"\u00fcber mich - Bewirke was - tue was","og_description":"\u00dcber mich Servus, ich bin Sandra aus M\u00fcnchen mit Wohlf\u00fchlwohnsitz in M\u00fcnchen, Nizza und Vila da Marmeleira. Genauso wie ich mehrere Wohlf\u00fchlwohnsitze habe, so habe ich auch mehrere Berufe und Berufungen, die einzeln gelebt und miteinander kombiniert gelebt werden m\u00f6chten: Ich bin Coach in den Bereichen Systemik, Resonanz und Achtsamkeit, Fotografin, Bauingenieurin und\u00a0 Projektmanagerin. All [&hellip;]","og_url":"https:\/\/www.entwicklung-sl.de\/en\/ueber-mich\/","og_site_name":"Bewirke was - tue was","article_modified_time":"2022-11-28T10:15:47+00:00","twitter_card":"summary_large_image","twitter_misc":{"Est. reading time":"1 minute"},"schema":{"@context":"https:\/\/schema.org","@graph":[{"@type":"WebPage","@id":"https:\/\/www.entwicklung-sl.de\/ueber-mich\/","url":"https:\/\/www.entwicklung-sl.de\/ueber-mich\/","name":"\u00fcber mich - Bewirke was - tue was","isPartOf":{"@id":"https:\/\/www.entwicklung-sl.de\/#website"},"datePublished":"2021-04-29T05:33:21+00:00","dateModified":"2022-11-28T10:15:47+00:00","breadcrumb":{"@id":"https:\/\/www.entwicklung-sl.de\/ueber-mich\/#breadcrumb"},"inLanguage":"en-US","potentialAction":[{"@type":"ReadAction","target":["https:\/\/www.entwicklung-sl.de\/ueber-mich\/"]}]},{"@type":"BreadcrumbList","@id":"https:\/\/www.entwicklung-sl.de\/ueber-mich\/#breadcrumb","itemListElement":[{"@type":"ListItem","position":1,"name":"Startseite","item":"https:\/\/www.entwicklung-sl.de\/"},{"@type":"ListItem","position":2,"name":"\u00fcber mich"}]},{"@type":"WebSite","@id":"https:\/\/www.entwicklung-sl.de\/#website","url":"https:\/\/www.entwicklung-sl.de\/","name":"Bewirke was - tue was","description":"","potentialAction":[{"@type":"SearchAction","target":{"@type":"EntryPoint","urlTemplate":"https:\/\/www.entwicklung-sl.de\/?s={search_term_string}"},"query-input":{"@type":"PropertyValueSpecification","valueRequired":true,"valueName":"search_term_string"}}],"inLanguage":"en-US"}]}},"_links":{"self":[{"href":"https:\/\/www.entwicklung-sl.de\/en\/wp-json\/wp\/v2\/pages\/38","targetHints":{"allow":["GET"]}}],"collection":[{"href":"https:\/\/www.entwicklung-sl.de\/en\/wp-json\/wp\/v2\/pages"}],"about":[{"href":"https:\/\/www.entwicklung-sl.de\/en\/wp-json\/wp\/v2\/types\/page"}],"author":[{"embeddable":true,"href":"https:\/\/www.entwicklung-sl.de\/en\/wp-json\/wp\/v2\/users\/1"}],"replies":[{"embeddable":true,"href":"https:\/\/www.entwicklung-sl.de\/en\/wp-json\/wp\/v2\/comments?post=38"}],"version-history":[{"count":12,"href":"https:\/\/www.entwicklung-sl.de\/en\/wp-json\/wp\/v2\/pages\/38\/revisions"}],"predecessor-version":[{"id":776,"href":"https:\/\/www.entwicklung-sl.de\/en\/wp-json\/wp\/v2\/pages\/38\/revisions\/776"}],"wp:attachment":[{"href":"https:\/\/www.entwicklung-sl.de\/en\/wp-json\/wp\/v2\/media?parent=38"}],"curies":[{"name":"wp","href":"https:\/\/api.w.org\/{rel}","templated":true}]}}

über mich

<p>[et_pb_section fb_built=&#8221;1&#8243; _builder_version=&#8221;4.16&#8243; background_color=&#8221;#ffeed5&#8243; global_colors_info=&#8221;{}&#8221;][et_pb_row _builder_version=&#8221;4.16&#8243; background_size=&#8221;initial&#8221; background_position=&#8221;top_left&#8221; background_repeat=&#8221;repeat&#8221; global_colors_info=&#8221;{}&#8221;][et_pb_column type=&#8221;4_4&#8243; _builder_version=&#8221;4.16&#8243; custom_padding=&#8221;|||&#8221; global_colors_info=&#8221;{}&#8221; custom_padding__hover=&#8221;|||&#8221;][et_pb_image src=&#8221;http://www.entwicklung-sl.de/wp-content/uploads/2022/09/Sandra-19_web.jpg&#8221; title_text=&#8221;Sandra 19_web&#8221; _builder_version=&#8221;4.18.0&#8243; _module_preset=&#8221;default&#8221; width=&#8221;300px&#8221; max_width=&#8221;100%&#8221; hover_enabled=&#8221;0&#8243; border_radii=&#8221;on|10px|10px|10px|10px&#8221; box_shadow_style=&#8221;preset1&#8243; global_colors_info=&#8221;{}&#8221; sticky_enabled=&#8221;0&#8243;][/et_pb_image][et_pb_text _builder_version=&#8221;4.19.0&#8243; background_color=&#8221;rgba(0,0,0,0)&#8221; background_enable_image=&#8221;off&#8221; background_size=&#8221;initial&#8221; background_repeat=&#8221;repeat&#8221; custom_margin=&#8221;||1px|||&#8221; custom_padding=&#8221;||||false|false&#8221; hover_enabled=&#8221;0&#8243; global_colors_info=&#8221;{}&#8221; sticky_enabled=&#8221;0&#8243;]</p>
<p style="text-align: left;"><strong>Über mich</strong></p>
<p style="text-align: left;"><span style="font-size: 14px;">Servus, ich bin Sandra aus München mit Wohlfühlwohnsitz in München, Nizza und Vila da Marmeleira.</span></p>
<p>Genauso wie ich mehrere Wohlfühlwohnsitze habe, so habe ich auch mehrere Berufe und Berufungen, die einzeln gelebt und miteinander kombiniert gelebt werden möchten:</p>
<p>Ich bin Coach in den Bereichen Systemik, Resonanz und Achtsamkeit, Fotografin, Bauingenieurin und  Projektmanagerin. All diese Berufe sind wichtig für mich, nähren und erfüllen mich auf unterschiedlichen Ebenen.</p>
<p>-&gt; Mein inneres Kind will spielerisch entdecken.<br />-&gt; Meine innere Künstlerin will sich entfalten ausdrücken und ausprobieren.<br />-&gt; Mein technischer Verstand will gelebt werden.<br />-&gt; Die Bauingenieurin in mir will physisch erschaffen und Häuser bauen, mit verschiedenen Baumaterialien experimentieren.<br />-&gt; Die internationale Projektmanagerin will organisieren, mit Menschen unterschiedlichster Herkunft, Alters und Geschlecht eine Verbindung auf Augenhöhe und aus dem Herzen heraus herstellen, leiten und erschaffen.<br />-&gt; Meine naturverbundene Seite vereint all diese Berufungen auf ihre ganz eigene Art.<br />-&gt; Meine Spiritualität verschafft mir Einblicke in andere Ebenen und Sphären und verbindet mich tief mit mir selbst.</p>
<p>Das Leben mit neuen Augen zu sehen, bringt mir Spaß, Leichtigkeit und zeigt mir die positiven und negativen Seiten und woran ich arbeiten darf. Nicht alles so bierernst zu nehmen und lauthals zu lachen, das bin ich auch.</p>
<p>Mein Herzensziel ist es ein Bewusstsein zu schaffen, dass alles miteinander verbunden ist, sich gegenseitig bedingt, und dass jeder von uns unendlich viele Möglichkeiten hat, sich und die Welt positiv zu verändern. Verändert man sich selbst, so verändert sich das System und das Umfeld.</p>
<p>Vor Jahren habe erstaunt erkannt, dass ich den Mut habe aus der Sicherheit zu treten um neue Wege zu gehen und beschloss meinen eigenen Weg zu gehen &#8211; in viel mehr Eigenverantwortung. Ich habe mich auf den Weg gemacht und entdecke meine Potentiale, Talente und Spiritualität und kombiniere sie mit meinem Wissen und Erfahrung, damit ich mein wahres Ich leben kann.</p>
<p>Damals hatte ich den sicheren Job gekündigt, bin viel gereist, habe mich weitergebildet und mich selbstständig gemacht. Erstaunlich war für mich zu sehen, wie viel Mut ich tatsächlich habe und wie neugierig ich auf Neues bin. Immer das Gleiche zu machen langweilt  mich auf Dauer. Auf dem Weg habe ich erkannt, dass ich es mir zugestehe auch mal zu Scheitern und Fehler zu machen um daraus zu lernen. Je mehr ich erkannt habe alte Muster und Denkweisen zu hinterfragen und zu verändern, desto mehr Neues konnte entstehen.</p>
<p>Im Coaching stelle ich einen geschützten Raum zur Verfügung und begleite den Menschen ein Stück weit auf seinem Weg und in seinem Veränderungsprozess. Veränderung anstoßen durch die geänderte Perspektive.</p>
<p>Als Fotografin nehme ich den Betrachter mit auf eine kleine visuelle Reise: Eine Reise in lichtvolle Augenblicke, ans Wasser, in eine hinreißende Landschaft oder in die Stadt, wo sie mit anderen Augen und dem Herzen sehen. Ich ermuntere den Betrachter seinen Blickwinkel zu verändern, ein Detail zu betrachten oder einen Perspektivenwechsel vorzunehmen. Ähnlich wie auch im Coaching.</p>
<p>In der Fotografie schwappt die Energie des Ortes und damit des Bildes auf mich über und ich kann mich im positiven Sinne im Bild verlieren.</p>
<p>Als Bauingenieurin brenne ich für Naturmaterialien und dafür, Wohlfühlorte zu erschaffen und zu verwirklichen. Liebens- und lebenswerte Orte zu schaffen, die viel zu bieten haben für Menschen, Tiere, Natur und Pflanzen, das ist mein Ziel. Ein Daheim zu kreieren, in dem man sich gerne aufhält, sich herzlich willkommen fühlt und das gesunde Wohlfühlklima genießen kann, das ist mein Ziel.</p>
<p>Ich habe mich auf den Weg gemacht: Schritt für Schritt, in meiner eigenen Geschwindigkeit.</p>
<p>Herzlichst</p>
<p>Sandra<strong></strong></p>
<p>[/et_pb_text][/et_pb_column][/et_pb_row][/et_pb_section]</p>

<p>Über mich Servus, ich bin Sandra aus München mit Wohlfühlwohnsitz in München, Nizza und Vila da Marmeleira. Genauso wie ich mehrere Wohlfühlwohnsitze habe, so habe ich auch mehrere Berufe und Berufungen, die einzeln gelebt und miteinander kombiniert gelebt werden möchten: Ich bin Coach in den Bereichen Systemik, Resonanz und Achtsamkeit, Fotografin, Bauingenieurin und  Projektmanagerin. All [&hellip;]</p>

<!-- This site is optimized with the Yoast SEO plugin v27.5 - https://yoast.com/product/yoast-seo-wordpress/ -->
<title>über mich - Bewirke was - tue was</title>
<meta name="robots" content="index, follow, max-snippet:-1, max-image-preview:large, max-video-preview:-1" />
<link rel="canonical" href="https://www.entwicklung-sl.de/en/ueber-mich/" />
<meta property="og:locale" content="en_US" />
<meta property="og:type" content="article" />
<meta property="og:title" content="über mich - Bewirke was - tue was" />
<meta property="og:description" content="Über mich Servus, ich bin Sandra aus München mit Wohlfühlwohnsitz in München, Nizza und Vila da Marmeleira. Genauso wie ich mehrere Wohlfühlwohnsitze habe, so habe ich auch mehrere Berufe und Berufungen, die einzeln gelebt und miteinander kombiniert gelebt werden möchten: Ich bin Coach in den Bereichen Systemik, Resonanz und Achtsamkeit, Fotografin, Bauingenieurin und  Projektmanagerin. All [&hellip;]" />
<meta property="og:url" content="https://www.entwicklung-sl.de/en/ueber-mich/" />
<meta property="og:site_name" content="Bewirke was - tue was" />
<meta property="article:modified_time" content="2022-11-28T10:15:47+00:00" />
<meta name="twitter:card" content="summary_large_image" />
<meta name="twitter:label1" content="Est. reading time" />
	<meta name="twitter:data1" content="1 minute" />
<script type="application/ld+json" class="yoast-schema-graph">{"@context":"https:\/\/schema.org","@graph":[{"@type":"WebPage","@id":"https:\/\/www.entwicklung-sl.de\/ueber-mich\/","url":"https:\/\/www.entwicklung-sl.de\/ueber-mich\/","name":"über mich - Bewirke was - tue was","isPartOf":{"@id":"https:\/\/www.entwicklung-sl.de\/#website"},"datePublished":"2021-04-29T05:33:21+00:00","dateModified":"2022-11-28T10:15:47+00:00","breadcrumb":{"@id":"https:\/\/www.entwicklung-sl.de\/ueber-mich\/#breadcrumb"},"inLanguage":"en-US","potentialAction":[{"@type":"ReadAction","target":["https:\/\/www.entwicklung-sl.de\/ueber-mich\/"]}]},{"@type":"BreadcrumbList","@id":"https:\/\/www.entwicklung-sl.de\/ueber-mich\/#breadcrumb","itemListElement":[{"@type":"ListItem","position":1,"name":"Startseite","item":"https:\/\/www.entwicklung-sl.de\/"},{"@type":"ListItem","position":2,"name":"über mich"}]},{"@type":"WebSite","@id":"https:\/\/www.entwicklung-sl.de\/#website","url":"https:\/\/www.entwicklung-sl.de\/","name":"Bewirke was - tue was","description":"","potentialAction":[{"@type":"SearchAction","target":{"@type":"EntryPoint","urlTemplate":"https:\/\/www.entwicklung-sl.de\/?s={search_term_string}"},"query-input":{"@type":"PropertyValueSpecification","valueRequired":true,"valueName":"search_term_string"}}],"inLanguage":"en-US"}]}</script>
<!-- / Yoast SEO plugin. -->

über mich - Bewirke was - tue was

Über mich Servus, ich bin Sandra aus München mit Wohlfühlwohnsitz in München, Nizza und Vila da Marmeleira. Genauso wie ich mehrere Wohlfühlwohnsitze habe, so habe ich auch mehrere Berufe und Berufungen, die einzeln gelebt und miteinander kombiniert gelebt werden möchten: Ich bin Coach in den Bereichen Systemik, Resonanz und Achtsamkeit, Fotografin, Bauingenieurin und  Projektmanagerin. All [&hellip;]
